r when h is divided by 32?
25
Let a be (2*-48)/(3*(-1)/3). Let h = a + -86. Calculate the remainder when (-6)/(-9) + (-86)/(-6) is divided by h.
5
Suppose -5*q + 48 = 3. What is the remainder when q is divided by 6?
3
Let k be 4/(-2 + 4) - -37. Let v = -17 + k. Suppose 0 + 32 = 4*r. Calculate the remainder when v is divided by r.
6
Suppose -n + 132 = 3*n. Calculate the remainder when 112 is divided by n.
13
Suppose 0 = -4*d + 8 - 0. Suppose 0 = 5*f + 5, f - 29 = d*p - 5*p. Let r = 17 - p. What is the remainder when r is divided by 5?
2
What is the remainder when (-30)/(-40)*(507/9 - -1) is divided by 37?
6
Suppose -v = -3*f + 2*f + 418, 3*v + 9 = 0. Calculate the remainder when f is divided by 13.
12
Suppose -2*t - t + 142 = y, -3*y + 2*t = -415. What is the remainder when y is divided by 24?
19
Let t = -716 - -768. What is the remainder when 934 is divided by t?
50
Let m(r) = r**3 + 20*r**2 - 25*r - 39. Suppose -2*f + 41 = 83. What is the remainder when 85 is divided by m(f)?
40
Suppose -5*m + g = 4*g - 35, -3*g = -5*m + 5. Suppose 5*k + 23 = m*i - 26, -5 = k. Suppose -i = -6*w + 5*w. What is the remainder when 16 is divided by w?
4
Let c = 5 - 58. Let u = 67 + c. What is the remainder when 41 is divided by u?
13
Calculate the remainder when 1580/15*3/2 is divided by 20.
18
Let z = 1534 - 1513. Let g(j) = -j**2 + 10*j - 9. Let r = 0 - -7. What is the remainder when z is divided by g(r)?
9
Let u = -11 + 11. Suppose -2*s = -p, u*p - 2 = s - p. Suppose 5*d = 5*v + 165, -2*d - s*d = -3*v - 133. Calculate the remainder when d is divided by 12.
10
Let p(m) be the third derivative of -m**6/120 - 7*m**5/60 - m**4/2 - 7*m**3/6 + 2*m**2. What is the remainder when 9 is divided by p(-5)?
0
Let y(g) = g + 52. Calculate the remainder when 63 is divided by y(6).
5
Let d(t) = t**2 - 12*t - 26. Calculate the remainder when d(-8) is divided by 16.
6
Suppose 4*f - f - 9 = 0, 0 = -3*n + f + 3. Let a be (-484)/(-6) - (-2)/(-3). Suppose -n*t + a = 3*t. What is the remainder when t is divided by 6?
4
Let q(z) = z**2 + 8*z + 12. Let j be q(-10). Let w be (j/12 + 2)*-3. Calculate the remainder when 4/w + 932/28 is divided by 12.
9
Let g(h) = 5*h**2 + 2*h + 5. Let i be -8*(4 - 0)/4. Let a be (i - 4)*2/6. Calculate the remainder when g(a) is divided by 20.
17
Let k(n) = 41*n**2 - 5*n - 5. What is the remainder when 50 is divided by k(-1)?
9
Let q(n) = 2*n**2 + 4*n - 1. Let a be q(1). Suppose 2*u - 44 = -0*u + 4*s, a*u = -5*s + 35. What is the remainder when 21 is divided by u?
9
Let n(r) = -20*r - 1. Let h be n(-3). Suppose 0 = -3*q + 13 + h. Suppose 0 = 8*c - 16, 3*l + c - 8 = 33. Calculate the remainder when q is divided by l.
11
Suppose -4*o = b - 109, -3*o + 6*o - 77 = 4*b. Calculate the remainder when 115 is divided by o.
7
Let z(n) = n**3 + 4*n**2 + 2*n - 3. Let q be z(-3). Let y(g) = -g**3 - g**2 + 13. What is the remainder when 23 is divided by y(q)?
10
Let k(i) = -20*i + 55. Let l(p) = -10*p + 27. Let a(o) = -4*k(o) + 7*l(o). What is the remainder when 114 is divided by a(6)?
27
Let o = 1 - -130. Calculate the remainder when o is divided by 12.
11
Let n = -280 - -162. Let f = 135 + n. Calculate the remainder when f is divided by 9.
8
Let o(v) = 16*v + 171. Calculate the remainder when o(-9) is divided by 7.
6
Let x(r) = -r**3 - 2*r**2 - 5*r - 17. Calculate the remainder when x(-5) is divided by 26.
5
Suppose 0 = 2*f + f - 2*f. Suppose -3*m + 393 - 18 = f. Let w = 21 + 11. Calculate the remainder when m is divided by w.
29
Suppose 0*h = -5*v + 3*h + 8225, 4*h - 6612 = -4*v. What is the remainder when v is divided by 110?
108
Suppose -4*m + 37 = 5*n, 6*m = 2*n + 3*m - 1. Calculate the remainder when 27 is divided by n.
2
Let v = 34 - -21. Suppose 2*b - v - 173 = 0. Suppose 4*y + 348 = 16*y. What is the remainder when b is divided by y?
27
Let o = -63 - -126. Let v(w) = -4*w - 29. Let r(f) = 3*f + 28. Let i(p) = 3*r(p) + 2*v(p). Calculate the remainder when o is divided by i(6).
31
Suppose 1 = -2*p + 5. Let q(b) = b**3 - b**2 + 15*b + 5. Let u be q(5). Suppose 2*w = -p*w + u. What is the remainder when w is divided by 12?
9
Let z(q) = -41*q. Let c = -6 - -5. Let b be z(c). Let v = b + 12. What is the remainder when v is divided by 18?
17
Let z = 17 - 6. What is the remainder when (9 - (-18 - 11))*2/4 is divided by z?
8
Let k be 0 + 0 - (11 + 11). Let m = 14 + k. Let n = 3 - m. Calculate the remainder when 30 is divided by n.
8
Let a be 0*1*3/(-3). Suppose a = -y + 10. What is the remainder when 17 is divided by y?
7
Suppose -4*s - 6*x = -2*x + 8, s - 23 = 4*x. Suppose 4*j - 12 = -4. Suppose -6*w = 3*v - w + 5, j*w = 4*v - 28. Calculate the remainder when v is divided by s.
2
Suppose -1831 = -31*z + 1331. Calculate the remainder when 304 is divided by z.
100
Calculate the remainder when 592 is divided by (-176)/22 + 104/4.
16
Calculate the remainder when (432/32 + -9)/((-3)/(-168)) is divided by 17.
14
Let p = -41 + 88. Suppose 7*d = 3*d + 140. Let t = d - 25. Calculate the remainder when p is divided by t.
7
Suppose -30*m = -528 + 138. What is the remainder when 4/(-2) + 141/3 is divided by m?
6
Calculate the remainder when (-33 - -28)*3/(6/(-124)) is divided by 52.
50
Suppose 1043*v = 1029*v + 2702. Calculate the remainder when v is divided by 95.
3
Suppose -97 = 22*i - 26*i - 5*z, 4*i - 57 = 3*z. Calculate the remainder when 286 is divided by i.
16
Let k = 214 + -197. Let d(o) = o**3 - 6*o**2 + 7*o - 1. What is the remainder when k is divided by d(5)?
8
Calculate the remainder when (-1)/6 - (-446)/12 is divided by (-1)/(-9) + 1*1253/63.
17
Suppose 0*m + m = -4*v + 46, 2*v - 46 = -m. Let r(t) = t - 5. Let g be r(8). What is the remainder when m is divided by 0 + -1 - (-39)/g?
10
Let i(q) = -3 + 4*q**2 + 11*q + 2 - 14*q. Suppose -6 - 62 = -2*l. What is the remainder when l is divided by i(2)?
7
Suppose -a = -6*a + 140. Suppose 53 = 6*n - 7. Let q = 0 + n. Calculate the remainder when a is divided by q.
8
Suppose 33 - 158 = -5*n. What is the remainder when n is divided by (2/13 - 4984/2314)/((-1)/3)?
1
Suppose -235*s + 242*s = 84. What is the remainder when 82 is divided by s?
10
Let l = 816 + -796. Calculate the remainder when 50 is divided by l.
10
Suppose 2*d - 93 = -5*q, 6*q - 7*q - 4*d + 33 = 0. Suppose 5 = -3*o + q. What is the remainder when 14 is divided by o?
2
Let n(g) = g**3 - 5*g**2 - 13*g - 13. Calculate the remainder when n(10) is divided by 72.
69
Let c(p) = p**2 + 5*p + 7. Let a be c(-4). Suppose -j + a*k = 2*j - 60, 0 = -3*j + 4*k + 64. Calculate the remainder when (-1)/3 + (-176)/(-6) is divided by j.
13
Let p be 20/(-50) - (-64)/10. Suppose -6*k + p = -6. Suppose k*q - 21 = -3. Calculate the remainder when q is divided by 5.
4
Suppose 80*w - 34*w = 7452. Calculate the remainder when w is divided by 19.
10
Let y(f) = 22*f + 647. What is the remainder when 232 is divided by y(-26)?
7
Let g = 5 - 27. Let p = g - -57. Suppose 0 = 4*q - p - 49. What is the remainder when q is divided by 8?
5
Suppose 3*h = -2*v + 148, 5*v - 54 = -h + 2*v. Suppose m + 2*m = -3*g - h, -2*g = 3*m + 50. Calculate the remainder when ((-18)/m)/((-2)/(-82)) is divided by 6.
5
Suppose 5*z = 5*o - 130, 0 = -3*o + 3*z - 6*z + 60. Calculate the remainder when 251 is divided by o.
21
Let f = 113 - 65. Suppose 5*v + 3*a - 82 = 0, -2*a = -v - 3*v + f. What is the remainder when 153 is divided by v?
13
Suppose 0 = 5*u + 2*f + 87, -3*u - 84 = 2*u - f. Let m = 15 + u. What is the remainder when (1/m)/((-2)/52) is divided by 8?
5
Let i be 1*(0*1/(-4) - -116). Let g = i - 107. What is the remainder when 70 is divided by g?
7
Suppose -3*v + 6 = u - 27, -3*v - 3*u = -33. Calculate the remainder when (-4)/8 + 250/4 is divided by v.
7
Suppose 3*n - 41 = q - 0*q, 5*n - 65 = q. Calculate the remainder when ((-852)/(-24))/((-3)/(-6)) is divided by n.
11
Let n be (-2)/(-11) + (-256)/(-44). Let b(u) = 2*u**2 - 10*u + 8. Let a be b(n). Suppose -3*g + 5*g - a = 0. What is the remainder when 17 is divided by g?
7
Suppose 0*s = -5*p - 4*s + 2684, 5*p = 5*s + 2675. Suppose -p = 58*q - 62*q. What is the remainder when q is divided by 23?
19
Suppose 0 = -30*t + 3065 + 5485. What is the remainder when t is divided by 32?
29
Let a be (-2)/3 + 8/3. Suppose 0 = 4*z + a*b - 94, 0*b - 5*b = -4*z + 115.